?
103
Let q = -19 + 25. Suppose -3*k + 3*z - q = 0, -2*k + z - 22 = 3*k. Let s(m) = -7*m + 8. What are the prime factors of s(k)?
43
Let p(u) be the second derivative of u**6/360 + u**5/40 - u**4/8 + u**3 - 2*u. Let n(s) be the second derivative of p(s). List the prime factors of n(4).
5
Let x = -61 + 72. Suppose -7*c + x*c - 608 = 0. List the prime factors of c.
2, 19
Let p = 332 - -331. What are the prime factors of p?
3, 13, 17
List the prime factors of 62/310 + (-358)/(-10).
2, 3
Suppose 3*p + 12830 = 5*t, -3*t + 1586 = -5*p - 6112. List the prime factors of t.
2, 1283
Let g(v) = -v**3 - 6*v**2 - 4*v + 5. Let q be g(-6). Let t be 2 - (-7 - -3) - 4. List the prime factors of q + (2 + t - 2).
31
Suppose 0*a - 5*n = a - 352, -3*n - 1431 = -4*a. What are the prime factors of a?
3, 7, 17
Let y(i) = 31 + i**2 - 32*i + 68*i - 28*i - 24*i. List the prime factors of y(21).
2, 17
Let n = -755 + 330. Let q = -237 - n. What are the prime factors of q?
2, 47
List the prime factors of 9 + 559/(-65) - 406/(-10).
41
Suppose -4*x = -d - 3, d + 2*x = -0*d + 9. Suppose d*h = f + 4, -f - 2*h + 16 = 3*h. Suppose -s - s + f = 0. List the prime factors of s.
3
Suppose t = 3*p - 17342, 1458 = p - 4*t - 4319. List the prime factors of p.
3, 41, 47
Let s(p) = p**3 + p**2 + 3*p + 2725. List the prime factors of s(0).
5, 109
Suppose 2*t - r = 3, 0*t = 4*t + 3*r - 11. Suppose -4*i + i = 0, t*w - 4*i - 36 = 0. Let u = 22 + w. List the prime factors of u.
2, 5
Let j(r) = -r**3 - 6*r**2 + 7*r + 9. Let x be j(-7). Let t be (x - 6) + (0 - -2). Suppose 19 = 3*y - t*l - 24, -19 = -y - 3*l. List the prime factors of y.
2
Suppose 2*o - 3*o = -u - 15, o = 3*u + 25. Suppose o*y = -0*y + 1140. What are the prime factors of y?
2, 3, 19
Let b(n) = -9*n**3 + n**2 + 7*n + 5. Let o be -7*(-3)/((-9)/3). Let t(y) = 4*y**3 - 4*y - 3. Let p(s) = o*t(s) - 3*b(s). List the prime factors of p(-5).
3, 7
Let q be 1/(-1) + -1 - -2. Let o(g) = g + 4. Let n be o(q). List the prime factors of 1/n + 150/40.
2
Let x(r) = 502*r - 1102. What are the prime factors of x(7)?
2, 3, 67
Let t = 12874 + -7629. What are the prime factors of t?
5, 1049
Let s = 9 - 7. Suppose -s = -a - 0*a. What are the prime factors of a*15*(-3)/(-6)?
3, 5
Suppose n + 6*a = a + 3, -3*a = 12. Suppose 0*r + 69 = 2*l + 3*r, 0 = -3*r - 9. Let u = l - n. What are the prime factors of u?
2
Let z = 948 - 564. What are the prime factors of z?
2, 3
Let d(h) = 6*h + 511. List the prime factors of d(0).
7, 73
Suppose 16*p = 20*p - 2172. What are the prime factors of p?
3, 181
Let i be 159/2*(40/(-15))/(-2). Suppose 2*z = 2*b + 58, -b + 3*b + i = 4*z. What are the prime factors of z?
2, 3
Let g be (-1)/(-4) + (-159)/(-4). Suppose 3*u - 240 + g = -2*d, 4*u - d - 252 = 0. List the prime factors of u.
2
Let t = 893 + -284. What are the prime factors of t?
3, 7, 29
Let a = -1697 + 2063. List the prime factors of a.
2, 3, 61
Suppose 3*b + 723 + 1398 = 3*z, 2*b = 0. What are the prime factors of z?
7, 101
Let q be (-2)/(-3 - (-22)/6). Let r = 2 + q. Let j(c) = 20*c**2 + c - 1. List the prime factors of j(r).
2, 3
Let p(u) = u**3 + 10*u**2 + 8*u + 1. Let i be p(-9). List the prime factors of -20*((-34)/i + 3).
2
Let s(y) = -26*y**3 + 4*y**2 + 16*y + 42. List the prime factors of s(-5).
2, 3, 23
Let r = 3 - 1. Let k be (3 - 1)/(r/3). Suppose a + 3 = 2, 3*c + k*a - 9 = 0. List the prime factors of c.
2
Let l be (-2 - -4)*(3 - (-17)/2). Suppose -b + l = -99. What are the prime factors of b?
2, 61
Let t be (4/(-1) - -2)*(2 - 129). Suppose 3*m + o = 5*o + t, 5*o + 92 = m. List the prime factors of m.
2, 41
Suppose -g + 5*g - 2*d - 282 = 0, 5*g + 4*d = 385. What are the prime factors of g?
73
Let q(y) = y**3 - 38*y**2 - 55*y - 152. List the prime factors of q(40).
2, 53
Let b(p) = p**2 + 8*p + 5. Let m be b(-5). Let g = -222 + 240. Let a = g + m. List the prime factors of a.
2
Let q be 3 + (-234)/(-2)*2. Suppose -d = 2*d - q. List the prime factors of d.
79
List the prime factors of 0 - 11774/(-8) - (-10)/40.
2, 23
What are the prime factors of 11267/15 - 58/435?
751
Let g be 1 - (-3 + 2 + -2). Suppose a = -3*o + g, -4*a - 26 = -4*o + 2*o. Suppose -o*u = -2*r - 57 - 115, -3*r = -2*u + 123. What are the prime factors of u?
2, 3
Let z(d) be the first derivative of -3*d**2/2 - 7*d + 25. List the prime factors of z(-3).
2
Let s = 146 + 194. List the prime factors of s.
2, 5, 17
What are the prime factors of (270/8)/((-150)/(-7600))?
2, 3, 5, 19
Suppose 5*w - 28 = -2*w. Suppose -3*s + 272 - 42 = -w*u, -5*s = 2*u - 366. List the prime factors of s.
2, 37
Let p(l) = 63*l + 39. List the prime factors of p(19).
2, 3, 103
Let w(x) = -x**2 - 6*x - 4. Let s be w(-3). Suppose 3*j = -4*u - j + 60, -u = s*j + 1. List the prime factors of u.
19
Suppose -8 = -3*g - 5*o + 1, -4*g + 4*o = -12. Suppose -g*n - 12 = c, -3*c + c - 4*n - 14 = 0. Suppose 87 = c*y + 6. What are the prime factors of y?
3
Suppose -28*g = -65239 - 108641. What are the prime factors of g?
2, 3, 5, 23
Let z = 569 + -131. List the prime factors of z.
2, 3, 73
Let t(s) = s**2 - 4*s + 2. Suppose 4*v + 2*z + 2 = -0, 0 = z + 3. Let c(w) = w. Let y(k) = v*t(k) + 3*c(k). What are the prime factors of y(0)?
2
Let g be 150/(1 - 1/(-2)). Suppose -4*x + 3*j + 61 = 0, -5*x + 2*j = 3*j - g. List the prime factors of x.
19
Let u(c) = c**3 - 45*c**2 - 12*c + 146. List the prime factors of u(47).
2, 5
Let a = -14 - 47. Let b = -27 - a. List the prime factors of b.
2, 17
Suppose -3*j + 4 + 5 = 0. Suppose 14*c - 2 = 40. Suppose -3*q + c*a = -5 - 34, 4*a = j*q - 34. What are the prime factors of q?
2, 3
Let d(s) = -s + 3. Let u be d(0). Suppose 172*g - 178*g = -918. Suppose u*l - g = -0*l. What are the prime factors of l?
3, 17
List the prime factors of ((-24248)/140)/(1/(-5)).
2, 433
Let m = 3622 + -1053. What are the prime factors of m?
7, 367
Let w(r) = 3*r - 35. Let f(d) = d**3 + 12*d**2 + 9*d. Let u be f(-11). List the prime factors of w(u).
31
Let j(c) = 30*c**3 + 3*c**2 - 2. What are the prime factors of j(1)?
31
Let p be 2 + (-2 - 0) - (-40)/10. Suppose 0 = 4*z + p*k - 676, -3*z = k - 285 - 218. What are the prime factors of z?
167
Let z(l) = l**2 + 2*l. Let k(v) = v + 21. Let s be k(-17). Suppose 0 = 2*p - s + 10. List the prime factors of z(p).
3
Let a(n) = n**3 - 9*n**2 + 2. Let l be a(9). Let i be 4/4 + 1 - l. Suppose -2 = -j - i. List the prime factors of j.
2
Suppose -70*a + 72*a + 2*r = 184, 0 = a - r - 90. List the prime factors of a.
7, 13
Let t(p) = 2*p**2 + 27*p + 53. Let a be t(-18). Let s = 474 - a. What are the prime factors of s?
7, 37
Let v(o) = -o**3 + 18*o**2 - o + 26. Let d be v(18). List the prime factors of (-227)/(-2) + 4/d.
2, 3, 19
Let y = 203 - 4. List the prime factors of y.
199
Let i(f) = 2*f + 0*f - 3*f - 3 + 5*f. List the prime factors of i(6).
3, 7
Let d = -9 - -15. What are the prime factors of (d/(-4))/(3/(-78))?
3, 13
Let k(b) = 2250*b**3 - 5*b**2 + b + 2. What are the prime factors of k(1)?
2, 281
Let h be 2/10 - 18/(-10). Suppose 0*d + d + 5*b - 7 = 0, 3*d = h*b + 4. List the prime factors of d.
2
Let t be ((-4)/(-6))/((-11)/(-231)). List the prime factors of (18/5)/(t/70).
2, 3
Let n = 38 + -34. Suppose 0 = -n*l + 87 + 341. What are the prime factors of l?
107
Suppose -11*b + 35 = -4*b. Suppose -b*p + 207 + 38 = 0. What are the prime factors of p?
7
Suppose 0*b - 3*b + 6 = 0. Let y be b/(-9) - (-1612)/(-36). List the prime factors of 2*1/((-6)/y).
3, 5
Let p = 509 + -159. List the prime factors of p.
2, 5, 7
Let a be (-4)/(-3 + 15/6). Suppose -5 = h - a. Suppose -h*t + 155 = 29. What are the prime factors of t?
2, 3, 7
Suppose -2*n + 0 = -4*v + 622, 3*n + 143 = v. What are the prime factors of v?
2, 79
Let r = 933 - 417. List the prime factors of r.
2, 3, 43
Suppose 3*x = 18 - 60. Let z = x + 21. Suppose 32 = 11*w - z*w. What are the prime factors of w?
2
Suppose -q = 3*b - 0*b - 10, 4*q - 1 = b. Suppose 4*k = b*o + 22, 3*o - 2 = -2*k - 0*o. Suppose 142 = k*m - 62. What are the prime factors of m?
3, 17
Suppose -4696 = -13*o + 31145. What are the prime factors of o?
3, 919
Let y = -45 + 58. Let o(k) = 12*k + 28. List the prime factors of o(y).
2, 23
Suppose 0 = -53*k + 58*k - 1755. List the prime factors of k.
3, 13
Let n(t) = 299*t**2 - 18*t - 1. What are the prime fa